0. Determine c(-9).
-16
Let a(n) = -6*n + 53. Determine a(10).
-7
Let m(h) = h**3 - 14*h**2 - 33*h + 10. Calculate m(16).
-6
Let h(x) = -5*x**2 - 7*x - 6. Determine h(-5).
-96
Let u(m) = 2*m**3 + 3*m**2 + 3*m + 4. Determine u(-3).
-32
Let n(k) = -9*k - 9. What is n(-5)?
36
Let q(d) = 46*d**2 - 3*d - 1. Give q(-1).
48
Let c(b) = -b**3 - 6*b**2 + 17*b + 14. Determine c(-8).
6
Let w(g) = 2*g**3 + 24*g**2 + 21*g + 8. Calculate w(-11).
19
Let w(u) = u**3 - 8*u**2 + 3*u - 37. What is w(8)?
-13
Let m(z) = -14*z - 1. Determine m(-1).
13
Let n(t) = -t**3 + 6*t**2 - 3*t - 7. Determine n(6).
-25
Let v(a) = -11*a - 104. What is v(-10)?
6
Let m(y) = -y**2 + 17*y - 12. Determine m(17).
-12
Let o(n) = -n - 5. Determine o(5).
-10
Let w(q) = q**2 + 5*q - 5. Calculate w(-5).
-5
Let j(q) = q**2 - q - 5. Give j(2).
-3
Let g(m) = -2*m**3 + 53*m**2 - 22*m - 109. Calculate g(26).
-5
Let c(f) = f**2 + 6*f - 17. Give c(-6).
-17
Let o(c) = -7*c - 3. Calculate o(-1).
4
Let s(y) = -4*y + 2. Determine s(-7).
30
Let t(x) = x**3 - 5*x**2 + 2*x - 10. Determine t(5).
0
Let y(w) = -3*w - 7. What is y(-6)?
11
Let w(a) = a - 12. Determine w(13).
1
Let t(l) = -2*l**3 - l**2 + 2*l - 1. Determine t(1).
-2
Let k(v) = 2*v + 48. What is k(0)?
48
Let p(o) = -26*o + 20. Calculate p(1).
-6
Let p(a) = 56*a**2 + 4*a - 4. Calculate p(1).
56
Let k(n) = -n**2 + 6*n - 5. Give k(4).
3
Let r(t) = -t**3 + 7*t**2 - 4*t - 7. Calculate r(5).
23
Let p(j) = 2*j - 4. Give p(-1).
-6
Let d(u) = u**3 + 4*u**2 + 2*u - 9. What is d(-7)?
-170
Let t(h) = h**3 + 12*h**2 - 7*h + 3. Determine t(-12).
87
Let t(y) = -22*y**2 + 12*y. Give t(-2).
-112
Let t(y) = -y**2 + 4. Determine t(-4).
-12
Let r(w) = w**2 + 6*w + 16. Calculate r(-6).
16
Let a(z) = z - 5. What is a(10)?
5
Let t(x) = 2*x**3 - 6*x**2 - 16*x + 28. Determine t(4).
-4
Let x(v) = -v - 4. What is x(9)?
-13
Let s(c) = c**3 - 13*c**2 + 12*c + 2. Give s(12).
2
Let j(k) = -k**3 + 14*k**2 - 35*k + 13. Give j(11).
-9
Let s(r) = -r + 17. What is s(9)?
8
Let g(f) = -f**3 - 7*f**2 - 5*f - 22. Calculate g(-7).
13
Let y(r) = -3*r**3 - r**2 + r + 2. Determine y(-1).
3
Let l(c) = c**3 - 6*c**2 - c - 3. Determine l(6).
-9
Let l(b) = -b**3 - b**2 + 31*b - 61. Calculate l(3).
-4
Let s(d) = -d**3 - 3*d**2 + 2*d - 3. What is s(-3)?
-9
Let u(z) = z**3 - 16*z**2 + 29*z + 3. What is u(14)?
17
Let r(f) = 5*f + 5. Calculate r(-3).
-10
Let n(v) = 3*v + 9. What is n(10)?
39
Let i(u) = 7*u - 246. What is i(35)?
-1
Let f(o) = o**3 - 5*o**2 - 27*o - 10. Give f(-3).
-1
Let s(l) = -l**2 - 24*l - 37. Give s(-22).
7
Let i(k) = -5*k - 33. Give i(-10).
17
Let c(r) = r**3 - 5*r**2 - 3*r - 21. Determine c(6).
-3
Let g(h) = -3*h - 32. Calculate g(-12).
4
Let q(b) = -21*b - 398. What is q(-19)?
1
Let g(f) = -2*f**3 + f**2 + 9*f + 1. Determine g(-2).
3
Let x(g) = g**3 - 40*g**2 - 45*g + 129. Determine x(41).
-35
Let x(s) = -s**3 + s**2 + 8*s + 2. Give x(-3).
14
Let b(m) = -m**3 + 7*m**2 - 3*m + 2. Give b(7).
-19
Let t(l) = l**3 + 9*l**2 - 7*l + 36. Give t(-9).
99
Let n(j) = -j + 10. Determine n(12).
-2
Let m(h) = -h**3 + 7*h**2 - 11*h + 24. Give m(6).
-6
Let j(u) = 11*u - 39. What is j(8)?
49
Let x(y) = -y**2 - 11*y + 6. What is x(-9)?
24
Let m(y) = -4*y**2 + 11*y - 5. What is m(5)?
-50
Let h(l) = 7*l + 1. Give h(3).
22
Let p(l) = -l - 46. What is p(-38)?
-8
Let i(u) = u**3 + 8*u**2 + 3*u + 20. What is i(-8)?
-4
Let u(r) = -r**2 + 38*r - 327. Give u(13).
-2
Let q(y) = 51*y**3 + y**2 - 2*y + 1. Determine q(1).
51
Let n(o) = 5*o**2 - 1. Give n(-1).
4
Let u(c) = -c**2 - 9*c - 2. Calculate u(-8).
6
Let x(a) = -2*a**3 + 98*a**2 + 102*a - 108. Give x(50).
-8
Let w(r) = 2*r**2 + 23*r + 1. Determine w(0).
1
Let d(w) = -2*w**2 - 2*w + 4. What is d(2)?
-8
Let q(g) = g**2 + 5*g + 5. Determine q(-5).
5
Let i(p) = p + 31. Calculate i(-8).
23
Let w(l) = -4*l**2 + 33*l - 20. Give w(8).
-12
Let u(r) = -r**3 - 9*r**2 + 3*r + 12. What is u(-5)?
-103
Let u(g) = g**3 - 6*g**2 + 3*g + 6. What is u(6)?
24
Let z(j) = -j**3 - 9*j**2 + 8*j - 1. Determine z(-10).
19
Let r(c) = c**2 - 3*c - 2. Determine r(-4).
26
Let s(p) = 2*p**3 - 53*p**2 - 19*p - 211. Give s(27).
5
Let x(c) = -4*c + 5. Determine x(4).
-11
Let f(r) = r**2 + 6*r + 8. Give f(-4).
0
Let n(y) = 20*y - 107. What is n(6)?
13
Let c(j) = j**2 - 8*j - 34. Determine c(-3).
-1
Let t(x) = x**3 - x**2 + 22*x - 23. Determine t(1).
-1
Let y(b) = -b**2 - 11*b - 5. Determine y(-8).
19
Let b(d) = -d**3 - 6*d**2 - 7*d - 7. Determine b(-5).
3
Let s(i) = 4*i + 20. Determine s(-3).
8
Let b(z) = -z + 4. Give b(-8).
12
Let y(g) = -g + 9. What is y(10)?
-1
Let g(c) = c**3 + 8*c**2 + 4*c + 10. Determine g(-8).
-22
Let c(i) = i + 13. Calculate c(11).
24
Let v(y) = -2*y - 1. What is v(6)?
-13
Let v(m) = -m**2 - 20*m + 44. Determine v(-22).
0
Let r(h) = h**2 + 3*h + 3. Give r(3).
21
Let c(g) = 7*g**2 - 266*g. What is c(38)?
0
Let o(m) = 6*m**2 - 20*m + 15. What is o(3)?
9
Let m(u) = -u**3 - 5*u**2 + 15*u + 1. Give m(-7).
-6
Let n(h) = -h**2 - 11*h - 2. Give n(-9).
16
Let x(v) = 4*v - 7. What is x(3)?
5
Let h(g) = g**3 - 13*g**2 + 22*g + 9. Calculate h(11).
9
Let j(h) = -h**2 - 8*h + 10. Give j(-9).
1
Let h(c) = -c**2 - 27*c - 73. What is h(-6)?
53
Let g(m) = -8*m - 85. What is g(-10)?
-5
Let k(n) = -23*n - 258. Give k(-11).
-5
Let d(q) = -6*q**2 + 4*q - 2. Calculate d(2).
-18
Let d(l) = l - 19. Give d(20).
1
Let w(q) = 6*q + 65. Give w(-11).
-1
Let f(a) = a + 13. Calculate f(-13).
0
Let l(f) = -24*f - 55. What is l(-2)?
-7
Let c(n) = -n**2 - 13*n + 11. What is c(-16)?
-37
Let d(m) = -m**3 + 3*m**2 + 3. Determine d(3).
3
Let b(u) = u**3 - u. Calculate b(1).
0
Let v(a) = -a**3 - 9*a**2 - 8*a + 13. Calculate v(-8).
13
Let a(x) = x**3 - 7*x**2 + 10. Determine a(7).
10
Let n(g) = g**2 - 11*g - 11. Calculate n(9).
-29
Let h(v) = -v**3 + 32*v**2 - 34*v + 99. Give h(31).
6
Let d(m) = -m**2 - 8*m + 1. Give d(-9).
-8
Let k(u) = 2*u**3 + 9*u**2 + 13*u + 26. Calculate k(-4).
-10
Let d(l) = -120*l - 1197. Calculate d(-10).
3
Let q(f) = 2*f**2 - 9*f - 4. Give q(5).
1
Let k(c) = c**2 - 8*c + 1. Calculate k(9).
10
Let z(p) = p**2 - 15*p + 15. Give z(14).
1
Let z(n) = n**2 + 27*n - 91. What is z(-30)?
-1
Let o(r) = 18*r + 14. What is o(7)?
140
Let v(r) = r**2 + 21*r + 21. Give v(-20).
1
Let k(v) = -2*v**2 - 49*v + 89. What is k(-25)?
64
Let y(f) = -f**3 + 3*f**2 + f. Calculate y(3).
3
Let y(l) = 4*l. Determine y(-2).
-8
Let t(y) = 4*y**3 - 4*y**2 - 6*y - 2. Give t(-1).
-4
Let x(g) = -2*g - 55. Give x(-15).
-25
Let x(v) = -8*v - 65. Give x(-7).
-9
Let o(z) = -22*z + 21. Determine o(4).
-67
Let x(h) = -h**3 - 5*h**2 + 2*h + 2. Determine x(-3).
-22
Let d(a) = -a**3 + 8*a**2 - 13*a + 10. What is d(6)?
4
Let m(h) = h**2 + 22*h + 3. What is m(-22)?
3
Let w(u) = u**2 - 7*u - 3. Give w(5).
-13
Let h(g) = g**3 + 11*g**2 + 11*g + 14. Calculate h(-10).
4
Let m(a) = a**3 - 6*a**2 - 6*a + 9. Determine m(6).
-27
Let i(o) = -o**2 + 6*o + 12. Calculate i(6).
12
Let f(w) = -w**3 + 4*w**2 + 251*w + 28. Determine f(18).
10
Let s(c) = -c**3 + 4*c**2 + 3*c - 7. Give s(3).
11
Let k(x) = x**2 + 20*x + 10. Calculate k(-17).
-41
Let w(l) = 27*l**3 - 2*l - 1. What is w(-1)?
-26
Let c(p) = -29*p + 67. What is c(4)?
-49
Let k(s) = -5*s - 108. Calculate k(-33).
57
Let y(g) = -g**3 - 10*g**2 + 9*g - 11. What is y(-11)?
11
Let w(d) = -3*d - 3. Calculate w(10).
-33
Let b(d) = d**2 + 10*d - 6. Give b(-8).
-22
Let d(b) = -2*b - 9. Give d(-1).
-7
Let v(d) = d**3 + 27*d**2 + d + 31. Determine v(-27).
4
Let z(d) = 10*d - 147. Determine z(13).
-17
Let z(b) = -b**3 + 17*b**2 + 18*b + 4. Give z(18).
4
Let g(s) = -s**3 + 7*s**2 - 4*s - 5. Calculate g(4).
27
Let w(o) = 3*o + 52. What is w(-15)?
7
Let x(s) = -s - 39. Give x(-37).
-2
Let b(w) = w**3 - 3*w + 9. Determine b(-4).
-43
Let o(v) = 3*v + 19. What is o(4)?
31
Let i(s) = s**2 + 17*s + 1. What is i(-19)?
39
Let w(m) = -25*m - 213. Determine w(-8).
-13
Let c(v) = v - 1. Calculate c(-2).
-3
Let q(j) = -j**3 + 8*j**2 - 2*j - 25. Calculate q(7).
10
Let w(o) = 2*o**3 + 65*o**2 - 32*o + 33. Determine w(-33).
0
Let d(h) = -h**3 + 4*h**2 - 3*h - 1. Calculate d(3).
-1
Let h(t) = t**3 + 23*t**2 - 79*t - 19. Calculate h(-26).
7
Let z(k) = k**2 + k + 13. What is z(8)?
85
Let x(o) = -2*o. Calculate x(-5).
10
Let j(k) = -12*k**2. Give j(-1).
-12
Let w(s) = 4*s**2 + 33*s - 10. What is w(-8)